+ 6*u(l). Let z be w(14). What is the greatest common divisor of 76 and z?
38
Suppose 0 = -521*t + 524*t - 90. Let i be (87 + -12)*(1 - 0). Suppose -19*g = -20*g + i. What is the highest common divisor of g and t?
15
Let l(f) = 15*f**2 + 707*f + 708. Let s be l(-1). What is the greatest common factor of s and 46288?
16
Let x(j) = -3*j**3 + j**2 - 56*j - 405. Let r be x(-6). Calculate the greatest common divisor of 246 and r.
123
Let w = -10 - -96. Suppose -4*v = -m - 7*v - 282, -2*v = 5*m + 1410. Let z = m - -497. Calculate the highest common factor of z and w.
43
Suppose 0 = 3*o + 17*s - 12*s - 577, -5*o + 4*s = -900. Let u = 412 - o. Calculate the greatest common factor of 12 and u.
12
Suppose -7*q = -2*q - 65. Let k = q + -11. Let l be k/15 + 1115/75. What is the greatest common factor of 3 and l?
3
Let u(j) = 8*j**2 - 9*j. Let a be u(3). Suppose 3*m - 45 = 5*h, 0*m = 3*m - 2*h - a. Let r = 169 + -94. Calculate the greatest common factor of r and m.
15
Let t(k) = k**3 + 18*k**2 - 8*k + 44. Let q be t(-18). Suppose -h - 41 = -q. What is the greatest common factor of h and 49?
49
Let j = -57 + 41. Let r be 4/j + (-73)/(-4). Let l = 6 - 0. What is the highest common factor of l and r?
6
Let z(o) = -o**2 + 3*o + 3. Let f be z(5). Let m(t) = t**2 - 673 + t + 0*t + 665 - 3*t. Let n be m(f). Calculate the greatest common divisor of 5 and n.
5
Let x = 229 + -203. Suppose -o + 39 = x. What is the highest common factor of 871 and o?
13
Suppose o + 7 = 2*s, 2*s = s + 2*o - 1. Let v be -1*(s/1 - 54). Calculate the greatest common divisor of 49 and v.
49
Suppose -14*w - 10*w + 144 = 0. Suppose -3*j + 35 = -4*q + w*q, 0 = 4*q + 20. Calculate the greatest common factor of 5 and j.
5
Suppose -8*f - 3*k = -94142, 64*f - 59*f = -3*k + 58832. What is the highest common divisor of 110 and f?
110
Let i(t) = 22*t + 921. Let y be i(-38). Calculate the greatest common divisor of y and 153.
17
Let l = -723 - -2409. What is the greatest common factor of l and 12?
6
Suppose -34*m + 55*m - 21 = 0. What is the highest common divisor of 87 and m?
1
Suppose -79*j = 107*j + 172*j - 11814. Calculate the greatest common divisor of j and 1929.
3
Let z be 78475/43 + 4*1. Let b = z - 1209. What is the greatest common factor of b and 20?
20
Suppose -39 = -4*x + x. Let o(p) = p**2 + 8*p + 28. Let s = 51 - 56. Let r be o(s). What is the highest common factor of x and r?
13
Let m(h) = 41*h + 506. Let d be m(-12). What is the highest common factor of 2352 and d?
14
Let f(n) = -n**3 + 11*n - 8. Suppose 5*z - 2*r + 21 = 7, 0 = z - 5*r - 11. Let h be f(z). What is the greatest common factor of h and 138?
6
Suppose -4*p = -0*p + a - 57, 0 = -2*p + 5*a + 1. Let j = 23 - p. Let u be -2*15/j + 18. Calculate the greatest common factor of 30 and u.
15
Let a(z) = z**3 - z**2 - 3*z - 1. Let j be a(4). Let h be 6 + 27/(-5) + (-152)/(-5). Let b = h + -24. Calculate the greatest common factor of j and b.
7
Let p = -22845 + 22881. Calculate the highest common divisor of 35832 and p.
12
Suppose 0 = 152*h + 186*h - 42*h - 20128. Let o(t) = -t + 4. Let j be o(5). Let k be 1/3*(-51)/j. Calculate the highest common factor of h and k.
17
Let w be (-27)/4 - 11/44. Suppose 3*y - 3*s = -2*y + 12, 4*y = -3*s + 15. Let c be w/(-21) - ((-704)/y)/4. Calculate the highest common divisor of c and 236.
59
Suppose -r - 3*o = 106, 2*r - 2*o - 5 + 249 = 0. Let i = 134 + r. What is the greatest common divisor of 2 and i?
2
Suppose -272*a = -59*a - 4473. Calculate the greatest common factor of a and 13251.
21
Let g(z) = -20*z - 288. Let s be g(-17). What is the highest common divisor of 20 and s?
4
Let g(h) = 6*h**3 + 41*h**2 - 174*h + 8. Let o be g(5). Let s be (11/2)/((-1)/(-2)). Calculate the highest common divisor of s and o.
11
Let c(l) = -l**3 + 6*l**2 + 2*l - 13. Let v = -73 + 77. Let w be c(v). Suppose -w = -5*i + 53. What is the greatest common factor of 32 and i?
16
Suppose -34 = -o - 3*u, u + 181 = 4*o - 2*u. Let g = 510 - 151. Suppose 5*k - g - 1146 = 0. Calculate the highest common divisor of k and o.
43
Let q be (196 - (0 - 1)) + (-19 - -23). Suppose 2*l - q = 21. Calculate the greatest common divisor of l and 74.
37
Let i(a) = -2*a**2 + 116*a - 387. Let s be i(54). Let d be (-3)/9 - 13/(-3). Suppose y - 1 = d. Calculate the greatest common factor of y and s.
5
Let w(a) = a + 4. Let i be w(0). Suppose -4*p = 2*j - 136, -5*j + j + 464 = 14*p. Calculate the greatest common factor of p and i.
4
Suppose -4*r = -r - 735. Let b = r - 180. Calculate the highest common factor of 39 and b.
13
Let h = -1613 + 1670. Calculate the greatest common factor of h and 1083.
57
Let u(a) = -3*a**3 - a**2 - a. Let s be u(-1). Let h be 4/(-6) - (-47)/s. Let k = h - 8. Calculate the highest common divisor of 84 and k.
7
Let l be (-3)/4 + 1170/24. Let h(b) = 6*b - 26. Let v(s) = 4*s - 21. Let a be v(7). Let j be h(a). What is the highest common factor of l and j?
16
Let u(h) = -7*h**3 - 29*h**2 - 15. Let b be u(-5). What is the greatest common divisor of 75 and b?
15
Let l = -2 - -2. Let h = -1537 + 1541. Suppose l*u = -h*u + 192. Calculate the greatest common divisor of u and 16.
16
Suppose 3*v = y - 3, 3*v - 2*y + 0*y + 6 = 0. Suppose -3*o + 49 + 14 = v. Let b = o + -19. Calculate the greatest common divisor of b and 1.
1
Let w(o) = -12*o + o - 20 - 4 - 7*o + o. Let z be w(-4). Calculate the highest common divisor of 264 and z.
44
Let i(s) = -585*s + 4467. Let l be i(-5). Calculate the highest common factor of l and 7.
7
Let o be (-6)/(-33) - 1104525/(-825). What is the highest common divisor of o and 206?
103
Suppose 104*t + l = 101*t + 38, -10*t + 4*l = -90. Let u be (1 + -89)*(-1)/2. Calculate the greatest common factor of u and t.
11
Let p be (19 + 3220/(-168))*-54. What is the highest common factor of p and 6543?
9
Let h(b) = -127*b - 915. Let a be h(-10). Calculate the greatest common factor of 71 and a.
71
Let x be ((-116)/6)/((-236)/295 - (-206)/270). What is the greatest common factor of x and 638?
58
Let f be 15 + -4 + (8 - 7). What is the greatest common divisor of 2892 and f?
12
Let x(c) = c**3 - 6*c**2 - 4*c + 71. Suppose 2*y = 8*y - 36. Let s be x(y). What is the highest common divisor of 1222 and s?
47
Let o(a) = a**2 - 4*a - 3. Let w be o(3). Suppose 36 = 6*c - 36. Let x = c + w. What is the highest common divisor of x and 66?
6
Suppose -612*n = -604*n. Let k be 6/16*2*4. Suppose n = -k*y + 3*c + 9, 3*y - 14 = -c - c. What is the highest common divisor of 4 and y?
4
Let l(n) = -n - 3. Let y(h) = 10*h + 38. Let k(f) = 40*l(f) + 5*y(f). Let j be k(-5). What is the greatest common divisor of 25 and j?
5
Let p = 90 - 51. Suppose 0 = 13*c + 117 - p. Let a be 1 + c/(6/(-125)). What is the highest common factor of 18 and a?
18
Suppose 0*m - 70 = 5*m + 2*i, -2*m + i = 19. Let z(r) = -r**3 - 12*r**2 - 3*r - 10. Let p be z(m). Calculate the greatest common divisor of p and 13.
13
Let a = -13089 + 13103. Calculate the highest common factor of 12593 and a.
7
Let f be (17*33/(-1309))/(9/(-147)). Let h = 252 - 49. What is the highest common divisor of f and h?
7
Let o = 627 + -291. Suppose 37*t = 35*t + o. Calculate the greatest common factor of 6 and t.
6
Suppose 2*k - 5*k - w + 81 = 0, 3*k - 78 = -2*w. Let t be 14/((-1764)/54838) - (-4)/18. Let z = t - -505. What is the greatest common divisor of k and z?
14
Let m be 5/(132/(-1254) + (-7210)/(-68134)). Calculate the greatest common factor of m and 33.
11
Let u(t) = 2*t**3 + 16*t**2 + 30*t + 4. Let j be u(-9). Let c = 608 + j. What is the highest common divisor of c and 40?
20
Suppose 5*x - 310 = -2*n, 4*x + 3*n = 4*n + 261. Let w be (-559)/(-65) - (-3)/(-5). What is the highest common factor of w and x?
8
Let p = 14 + -16. Let w be (549/27)/(p/(-18)). Let b = -141 + w. Calculate the highest common factor of 6 and b.
6
Let v(x) = 3*x**2 - 4*x + 75. Let j be v(-9). What is the highest common factor of 5487 and j?
177
Let q(c) = 243*c**2 + 101*c - 104. Let m be q(1). Calculate the greatest common divisor of 195 and m.
15
Suppose -2*n - 11 = -5*u, -2*n - 8*u = -3*u - 19. Suppose 2*g + 2*o - 46 = 0, -n*o + 40 = 3*g - 28. What is the highest common factor of 55 and g?
11
Let b(g) = g**2 + 4. Let w be b(0). Suppose -w*q + 5*x = 2*x - 74, q + x - 15 = 0. Suppose -89 = -q*k 